{"id":8,"date":"2015-11-23T13:21:07","date_gmt":"2015-11-23T16:21:07","guid":{"rendered":"http:\/\/cnm.dondemires.com\/?page_id=8"},"modified":"2025-05-13T11:32:45","modified_gmt":"2025-05-13T14:32:45","slug":"colegio_autoridades","status":"publish","type":"page","link":"https:\/\/cn.cnmza.org.ar\/?page_id=8","title":{"rendered":"Colegio Notarial &#8211; Autoridades"},"content":{"rendered":"\n<div class=\"cols cols-4 cf\">\n<div class=\"col\">\n<h3><strong>CONSEJO SUPERIOR<\/strong><\/h3>\n<p><strong>Presidente<\/strong><\/p>\n<p>Not. Valeria Silvina \u00c1LVAREZ<\/p>\n<p><strong>Vicepresidente<\/strong><\/p>\n<p>Not. Silvia Mariana ANDRAOS<\/p>\n<p><strong>Secretarias<\/strong><\/p>\n<p>Not. Mar\u00eda Laura LEMBO<\/p>\n<p>Not. M\u00f3nica Graciela L\u00d3PEZ<\/p>\n<p><strong>Tesorero<\/strong><br>Not. Augusto Emiliano CLAUSEN<\/p>\n<p><strong>Protesorero<\/strong><br>Not. Miguel \u00c1ngel PERET\u00d3<\/p>\n<p><strong>Consejeros Titulares<\/strong><\/p>\n<p>Not. Luis Jes\u00fas TONELLI VENIER<\/p>\n<p>Not. Carina Roxana AGUILERA<\/p>\n<p>Not. Francisco Jos\u00e9 MARCELLO<\/p>\n<p><strong>Consejeros Suplentes<\/strong><\/p>\n<p>Not. Silvina Beatriz MARMOLEJO<\/p>\n<p>Not. Mar\u00eda Marta SIM\u00d3N<\/p>\n<p>Not. Francisco Javier GUARDIOLA<\/p>\n<p>Not. Hugo Fabio DOM\u00cdNGUEZ<\/p>\n<p>Not. Ernesto Carlos Adolfo AYUB<\/p>\n<p>Not. Victor Tom\u00e1s RIVERA<\/p>\n<\/div>\n<div class=\"col\">\n<h3><strong>PRIMERA CIRCUNSCRIPCION<\/strong><\/h3>\n<p><strong>Presidente<\/strong><\/p> \n<p>Not. Mar\u00eda Daniela CASTRO<\/p>\n<p><strong>Secretaria<\/strong><\/p>\n<p>Not. Graciela In\u00e9s GATTO BERNAL<\/p>\n<p><strong>Prosecretaria<\/strong><\/p>\n<p>Not. Luc\u00eda Bel\u00e9n CORIA<\/p>\n<p><strong>Consejeros Titulares<\/strong> <\/p>\n<p>Not. Mar\u00eda Jimena VENDRELL<\/p>\n<p>Not. Mar\u00eda Alejandra BRANDI<\/p>\n<p>Not. Gabriela Fernanda ZAVARONI<\/p>\n<p>Not. Sergio Pascual MIRANDA<\/p>\n<p><strong>Consejeros Suplentes<\/strong> <\/p>\n<p>Not. Carolina Paola ACIAR<\/p>\n<p>Not. Sabrina Betsab\u00e9 OJEDA CARRIBERO<\/p>\n<p>Not. Mar\u00eda Paula GUZZO<\/p>\n<p>Not. Silvia Alejandra OCHOA<\/p>\n<\/div>\n<div class=\"col\">\n<h3><strong>SEGUNDA CIRCUNSCRIPCION<\/strong><\/h3>\n<p><strong>Presidente<\/strong><\/p> \n<p>Not. Valeria Corina SORROCHE<\/p>\n<p><strong>Secretaria<\/strong><\/p>\n<p>Not. Mar\u00eda Alejandra SIM\u00d3N<\/p>\n<p><strong>Prosecretario<\/strong> <\/p>\n<p>Not. Alberto Javier HERN\u00c1NDEZ SAPARRAT<\/p>\n<p><strong>Consejeros Titulares<\/strong> <\/p>\n<p>Not. Dami\u00e1n Ernesto BERTANI<\/p>\n<p>Not. Mariela E. PEREZ P\u00cdA<\/p>\n<p>Not. Liliana In\u00e9s PRADOS<\/p>\n<p>Not. Silvina LAMEN\u00c1 GNEMMI<\/p>\n<p><strong>Consejeros Suplentes<\/strong> <\/p>\n<p>Not. Gabriela TERROBA<\/p>\n<p>Not. Mar\u00eda Gabriela SAPONARA<\/p>\n<p>Not. Mercedes Andrea SARALEGUI<\/p>\n<p>Not. Mar\u00eda Fernanda Martina RUBIO<\/p>\n<\/div>\n<div class=\"col\">\n<h3><strong>TERCERA CIRCUNSCRIPCION<\/strong><\/h3>\n<p><strong>Presidente<\/strong><\/p> \n<p>Not. Mar\u00eda Ver\u00f3nica BRICCOLA<\/p>\n<p><strong>Secretario<\/strong><\/p> \n<p>Not. Danilo BIONDO<\/p>\n<p><strong>Prosecretaria<\/strong><\/p>\n<p>Not. Etel ZAMORA<\/p>\n<p><strong>Consejeros Titulares<\/strong> <\/p>\n<p>Not. Mar\u00eda Cecilia MILA<\/p>\n<p>Not. Lis Tania ESPIN<\/p>\n<p>Not. Flavia Noemi CORTEZ<\/p>\n<p>Not. Alejandra VA\u00d1EK<\/p>\n<p><strong>Consejeros Suplentes<\/strong> <\/p>\n<p>Not. Jorgelina MANZUR<\/p>\n<p>Not. Guadalupe FERNANDEZ PASCUAL<\/p>\n<p>Not. Mercedes LLAVER BADUI<\/p>\n<p>Not. Emilia MONFORTE<\/p>\n<div>\n<p>&nbsp;<\/p>\n<\/div>\n<\/div>\n<\/div>\n","protected":false},"excerpt":{"rendered":"CONSEJO SUPERIOR Presidente Not. Valeria Silvina \u00c1LVAREZ Vicepresidente Not. Silvia Mariana ANDRAOS Secretarias Not. Mar\u00eda Laura LEMBO Not. M\u00f3nica Graciela L\u00d3PEZ TesoreroNot. Augusto Emiliano CLAUSEN ProtesoreroNot. Miguel \u00c1ngel PERET\u00d3 Consejeros Titulares Not. Luis Jes\u00fas TONELLI VENIER Not. Carina Roxana AGUILERA Not. Francisco Jos\u00e9 MARCELLO Consejeros Suplentes Not. Silvina Beatriz MARMOLEJO Not. Mar\u00eda Marta SIM\u00d3N Not. [&hellip;]","protected":false},"author":19,"featured_media":0,"parent":0,"menu_order":1,"comment_status":"closed","ping_status":"closed","template":"colegio_autoridades.php","meta":{"_cbd_carousel_blocks":"[]","footnotes":""},"class_list":["post-8","page","type-page","status-publish","hentry"],"_links":{"self":[{"href":"https:\/\/cn.cnmza.org.ar\/index.php?rest_route=\/wp\/v2\/pages\/8","targetHints":{"allow":["GET"]}}],"collection":[{"href":"https:\/\/cn.cnmza.org.ar\/index.php?rest_route=\/wp\/v2\/pages"}],"about":[{"href":"https:\/\/cn.cnmza.org.ar\/index.php?rest_route=\/wp\/v2\/types\/page"}],"author":[{"embeddable":true,"href":"https:\/\/cn.cnmza.org.ar\/index.php?rest_route=\/wp\/v2\/users\/19"}],"replies":[{"embeddable":true,"href":"https:\/\/cn.cnmza.org.ar\/index.php?rest_route=%2Fwp%2Fv2%2Fcomments&post=8"}],"version-history":[{"count":99,"href":"https:\/\/cn.cnmza.org.ar\/index.php?rest_route=\/wp\/v2\/pages\/8\/revisions"}],"predecessor-version":[{"id":7136,"href":"https:\/\/cn.cnmza.org.ar\/index.php?rest_route=\/wp\/v2\/pages\/8\/revisions\/7136"}],"wp:attachment":[{"href":"https:\/\/cn.cnmza.org.ar\/index.php?rest_route=%2Fwp%2Fv2%2Fmedia&parent=8"}],"curies":[{"name":"wp","href":"https:\/\/api.w.org\/{rel}","templated":true}]}}