{"id":4968,"date":"2020-04-24T10:29:08","date_gmt":"2020-04-24T13:29:08","guid":{"rendered":"http:\/\/cn.cnmza.org.ar\/?page_id=4968"},"modified":"2022-10-14T09:05:15","modified_gmt":"2022-10-14T12:05:15","slug":"covid-19","status":"publish","type":"page","link":"https:\/\/cn.cnmza.org.ar\/?page_id=4968","title":{"rendered":"II Jornadas Notariales"},"content":{"rendered":"\r\n<p>&nbsp;<\/p>\r\n<p><img loading=\"lazy\" decoding=\"async\" class=\"alignleft size-large wp-image-6023\" src=\"https:\/\/cn.cnmza.org.ar\/wp-content\/uploads\/2020\/04\/03-y-04-DE-NOVIEMBRE-1024x237.png\" alt=\"03 y 04 DE NOVIEMBRE\" width=\"1024\" height=\"237\" srcset=\"https:\/\/cn.cnmza.org.ar\/wp-content\/uploads\/2020\/04\/03-y-04-DE-NOVIEMBRE-1024x237.png 1024w, https:\/\/cn.cnmza.org.ar\/wp-content\/uploads\/2020\/04\/03-y-04-DE-NOVIEMBRE-300x69.png 300w, https:\/\/cn.cnmza.org.ar\/wp-content\/uploads\/2020\/04\/03-y-04-DE-NOVIEMBRE-768x178.png 768w, https:\/\/cn.cnmza.org.ar\/wp-content\/uploads\/2020\/04\/03-y-04-DE-NOVIEMBRE.png 1080w\" sizes=\"auto, (max-width: 1024px) 100vw, 1024px\" \/><\/p>\r\n<h1 style=\"font-size: 200%,;\"><\/h1>\r\n<h1 style=\"font-size: 200%,;\"><\/h1>\r\n<h1 style=\"font-size: 200%,;\"><\/h1>\r\n<h1 style=\"font-size: 200%,;\"><\/h1>\r\n<p>&nbsp;<\/p>\r\n<p>&nbsp;<\/p>\r\n<h1 style=\"font-size: 200%,;\">LA NUEVA EDICION DE LA JORNADA NOTARIAL MENDOCINA SER\u00c1 EL 3 Y 4 DE NOVIEMBRE EN LA CIUDAD DE SAN MART\u00cdN<\/h1>\r\n<h3><\/h3>\r\n<p>&nbsp;<\/p>\r\n<p>PR\u00d3RROGA PRESENTACI\u00d3N DE PONENCIAS: 17\/10\/2022<\/p>\r\n<p>PRESENTACI\u00d3N DE PONENCIAS A: jnm@cnmza.org.ar<\/p>\r\n<p>LINK DE INSCRIPCI\u00d3N PARA\u00a0<strong>PROFESIONALES, NOTARIOS TITULARES Y ADSCRIPTOS Y PONENTES NO ESCRIBANOS<\/strong>\u00a0<a href=\"https:\/\/forms.gle\/UsFzykprJ2BzWRK29\" target=\"_blank\">HACIENDO CLIK AQU\u00cd<\/a><\/p>\r\n<p>LINK DE INSCRIPCI\u00d3N PARA <strong>NOVELES, MATRICULADOS Y ESTUDIANTES CON MONOGRAF\u00cdA<\/strong> <a href=\"https:\/\/forms.gle\/SAWVZiquUy7VAQaN8\" target=\"_blank\">HACIENDO CLICK AQU\u00cd<\/a><\/p>\r\n<p>VALORES:<\/p>\r\n<ul>\r\n\t<li class=\"_04xlpA direction-ltr align-start para-style-body\">\r\n<p class=\"_04xlpA direction-ltr align-start para-style-body\"><span class=\"JsGRdQ\">Profesionales, notarios titulares y adscriptos $4.800<\/span><\/p><\/li>\r\n\t<li class=\"_04xlpA direction-ltr align-start para-style-body\">\r\n<p class=\"_04xlpA direction-ltr align-start para-style-body\"><span class=\"JsGRdQ\">Noveles y escribanos matriculados $2.500<\/span><\/p><\/li>\r\n\t<li class=\"_04xlpA direction-ltr align-start para-style-body\">\r\n<p class=\"_04xlpA direction-ltr align-start para-style-body\"><span class=\"JsGRdQ\">Estudiantes que presenten monograf\u00eda $2.500<\/span><\/p><\/li>\r\n\t<li class=\"_04xlpA direction-ltr align-start para-style-body\">\r\n<p class=\"_04xlpA direction-ltr align-start para-style-body\"><span class=\"JsGRdQ\">Ponentes escribanos (se entregar\u00e1 una beca por ponecia. Solicitarla al Consejo Superior)<\/span><\/p><\/li>\r\n\t<li class=\"_04xlpA direction-ltr align-start para-style-body\">Ponentes no escribanos $4.800<\/li>\r\n<\/ul>\r\n<p>FORMA DE PAGO:<strong>\u00a0\u00a0<\/strong>CBU: 0270078610001386710074 |\u00a0ALIAS: TERRON.POPA.LIJA<\/p>\r\n<p>DESCARGAR <strong>REGLAMENTO<\/strong> <a href=\"https:\/\/cn.cnmza.org.ar\/wp-content\/uploads\/2020\/04\/Reglamento-para-la-presentacio%CC%81n-de-ponencias-2022-21663260867.6852841.pdf\" target=\"_blank\">AQU\u00cd<\/a><\/p>\r\n<p>DESCARGAR <strong>BIBLIOGRAF\u00cdA<\/strong> <a href=\"https:\/\/cn.cnmza.org.ar\/wp-content\/uploads\/2020\/04\/PAUTAS_Y_BIBLIOGRAFIA_SEGUNDA_JORNADA_NOTARIAL_MENDOCINA_2_1_1663260368_1663260372_wm.pdf\" target=\"_blank\">AQU\u00cd<\/a><\/p>\r\n<p>DESCARGAR <strong>MATERIAL PREPARATORIO<\/strong> <a href=\"https:\/\/drive.google.com\/drive\/folders\/1SJ3Bc3KSS9yC6X0Ad3xIQ2yX8-_k5U0-\" target=\"_blank\">AQU\u00cd<\/a><\/p>\r\n<p>&nbsp;<\/p>\r\n<p>&nbsp;<\/p>\r\n<h1 style=\"text-align: left;\"><\/h1>\r\n<p><span style=\"color: #000000;\">Estas jornadas llegan a la comunidad notarial de manera presencial despu\u00e9s de haber atravesado la pandemia de Covid-19. Al respecto de esto la notaria Ver\u00f3nica Briccola,\u00a0 Presidente de la Tercera Circunscripci\u00f3n Notarial dijo: \"es un orgullo para nosotros recibirlos en el departamento de San Mart\u00edn, es una oportunidad \u00fanica para nutrir a la comunidad acad\u00e9mica y\u00a0aggiornarse\u00a0 a los cambios y desaf\u00edos que la sociedad nos plantea\".<\/span><\/p>\r\n<p>&nbsp;<\/p>\r\n<p><img loading=\"lazy\" decoding=\"async\" class=\"aligncenter wp-image-5949\" src=\"https:\/\/cn.cnmza.org.ar\/wp-content\/uploads\/2021\/09\/cabezal-1536x351-1024x234.jpg\" alt=\"cabezal-1536x351\" width=\"990\" height=\"226\" srcset=\"https:\/\/cn.cnmza.org.ar\/wp-content\/uploads\/2021\/09\/cabezal-1536x351-1024x234.jpg 1024w, https:\/\/cn.cnmza.org.ar\/wp-content\/uploads\/2021\/09\/cabezal-1536x351-300x69.jpg 300w, https:\/\/cn.cnmza.org.ar\/wp-content\/uploads\/2021\/09\/cabezal-1536x351-768x176.jpg 768w, https:\/\/cn.cnmza.org.ar\/wp-content\/uploads\/2021\/09\/cabezal-1536x351.jpg 1536w\" sizes=\"auto, (max-width: 990px) 100vw, 990px\" \/><\/p>\r\n<h3 style=\"text-align: justify;\"><\/h3>\r\n<h2 style=\"text-align: justify;\"><span style=\"color: #000000;\">El Centro de Congresos de San Mart\u00edn se encuentra a 20 minutos de la ciudad de Mendoza. Para conocer su ubicaci\u00f3n y acceder al mapa\u00a0<em><strong><a style=\"color: #000000;\" href=\"https:\/\/goo.gl\/maps\/dzoDM9UVqzgiasja6\" target=\"_blank\">hac\u00e9 click ac\u00e1.<\/a><\/strong><\/em><\/span><\/h2>\r\n<h1 style=\"text-align: justify;\"><span style=\"color: #000000;\">JURADO <\/span><\/h1>\r\n<h3 style=\"text-align: justify;\"><span style=\"color: #000000;\">Mariano Esper, Beatriz Gali\u00f1ares, Anah\u00ed Carrascosa, Javier Moreyra, Valentina Erice y Georgina Guardatti <\/span><\/h3>\r\n<h1 style=\"text-align: justify;\"><span style=\"color: #000000;\">COORDINADORES DE TEMAS<\/span><\/h1>\r\n<h3 style=\"text-align: justify;\"><span style=\"color: #000000;\">Tema I: Not. Santiago AZZARELLO<\/span><\/h3>\r\n<h3 style=\"text-align: justify;\"><span style=\"color: #000000;\">Tema II: Not. Mart\u00edn VILLALBA WELSH<\/span><\/h3>\r\n<h1 style=\"text-align: justify;\"><span style=\"color: #000000;\">DISERTANTES:<\/span><\/h1>\r\n<h3 style=\"text-align: justify;\"><span style=\"color: #000000;\">En esta oportunidad el evento contar\u00e1 con importantes profesionales e instituciones internacionales: ULAI (Uni\u00f3n Latinoamericana de Administradores Inmobiliarios), ALADI (Asociaci\u00f3n Latinoamericana de Integraci\u00f3n), <\/span><\/h3>\r\n<h3 style=\"text-align: justify;\"><span style=\"color: #000000;\">Dra. Cristina Armella Pte. de la Uni\u00f3n Internacional del Notariado Latino,<\/span><\/h3>\r\n<h3 style=\"text-align: justify;\"><span style=\"color: #000000;\"> Esc. Javier Moreyra, <\/span><\/h3>\r\n<h3 style=\"text-align: justify;\"><span style=\"color: #000000;\">Esc. Mariano Esper<\/span><\/h3>\r\n<h3 style=\"text-align: justify;\"><span style=\"color: #000000;\">Not. Santiago Azarello<\/span><\/h3>\r\n<h3><span style=\"color: #000000;\">Agrimensor Carlos Diez<\/span><\/h3>\r\n<h3><span style=\"color: #000000;\">Norberto Frickx (virtual)<\/span><\/h3>\r\n<h3><span style=\"color: #000000;\">Miguel Luvera (virtual)<\/span><\/h3>\r\n<h3><span style=\"color: #000000;\">Dra. Laura Gim\u00e9nez (virtual)<\/span><\/h3>\r\n<h3><span style=\"color: #000000;\">Irene Pujol <\/span><\/h3>\r\n<h3><span style=\"color: #000000;\">Dra. Martha Linares<\/span><\/h3>\r\n<h3><span style=\"color: #000000;\">Raquel Burgue\u00f1o<\/span><\/h3>\r\n<h3><span style=\"color: #000000;\">Jonathan Izquierdo<\/span><\/h3>\r\n<h3><span style=\"color: #000000;\">Not. Silvina Palmieri<\/span><\/h3>\r\n<h1>Direcci\u00f3n y Coordinaci\u00f3n<\/h1>\r\n<h3><strong>Dra. Martha Linares y Not. Claudia Torres Cavallo<\/strong><\/h3>\r\n<p>&nbsp;<\/p>\r\n<h3><\/h3>\r\n<p>&nbsp;<\/p>\r\n<p><a href=\"https:\/\/docs.google.com\/forms\/d\/e\/1FAIpQLSdzKlsg31OttSiIGR04mih_NCHTucS231vO55UvDTrchzDLtQ\/viewform\" target=\"_blank\"> <img loading=\"lazy\" decoding=\"async\" class=\"aligncenter size-large wp-image-5993\" src=\"https:\/\/cn.cnmza.org.ar\/wp-content\/uploads\/2020\/04\/Purple-and-Orange-Colorful-Blocks-Education-Non-Profit-Website-1024x576.jpg\" alt=\"Purple and Orange Colorful Blocks Education Non-Profit Website\" width=\"1024\" height=\"576\" srcset=\"https:\/\/cn.cnmza.org.ar\/wp-content\/uploads\/2020\/04\/Purple-and-Orange-Colorful-Blocks-Education-Non-Profit-Website-1024x576.jpg 1024w, https:\/\/cn.cnmza.org.ar\/wp-content\/uploads\/2020\/04\/Purple-and-Orange-Colorful-Blocks-Education-Non-Profit-Website-300x169.jpg 300w, https:\/\/cn.cnmza.org.ar\/wp-content\/uploads\/2020\/04\/Purple-and-Orange-Colorful-Blocks-Education-Non-Profit-Website-768x432.jpg 768w, https:\/\/cn.cnmza.org.ar\/wp-content\/uploads\/2020\/04\/Purple-and-Orange-Colorful-Blocks-Education-Non-Profit-Website.jpg 1366w\" sizes=\"auto, (max-width: 1024px) 100vw, 1024px\" \/><\/a><\/p>\r\n<p>&nbsp;<\/p>\r\n<p>&nbsp;<\/p>\r\n","protected":false},"excerpt":{"rendered":"&nbsp; &nbsp; &nbsp; LA NUEVA EDICION DE LA JORNADA NOTARIAL MENDOCINA SER\u00c1 EL 3 Y 4 DE NOVIEMBRE EN LA CIUDAD DE SAN MART\u00cdN &nbsp; PR\u00d3RROGA PRESENTACI\u00d3N DE PONENCIAS: 17\/10\/2022 PRESENTACI\u00d3N DE PONENCIAS A: jnm@cnmza.org.ar LINK DE INSCRIPCI\u00d3N PARA\u00a0PROFESIONALES, NOTARIOS TITULARES Y ADSCRIPTOS Y PONENTES NO ESCRIBANOS\u00a0HACIENDO CLIK AQU\u00cd LINK DE INSCRIPCI\u00d3N PARA NOVELES, MATRICULADOS [&hellip;]","protected":false},"author":19,"featured_media":0,"parent":0,"menu_order":0,"comment_status":"closed","ping_status":"closed","template":"","meta":{"_cbd_carousel_blocks":"[]","footnotes":""},"class_list":["post-4968","page","type-page","status-publish","hentry"],"_links":{"self":[{"href":"https:\/\/cn.cnmza.org.ar\/index.php?rest_route=\/wp\/v2\/pages\/4968","targetHints":{"allow":["GET"]}}],"collection":[{"href":"https:\/\/cn.cnmza.org.ar\/index.php?rest_route=\/wp\/v2\/pages"}],"about":[{"href":"https:\/\/cn.cnmza.org.ar\/index.php?rest_route=\/wp\/v2\/types\/page"}],"author":[{"embeddable":true,"href":"https:\/\/cn.cnmza.org.ar\/index.php?rest_route=\/wp\/v2\/users\/19"}],"replies":[{"embeddable":true,"href":"https:\/\/cn.cnmza.org.ar\/index.php?rest_route=%2Fwp%2Fv2%2Fcomments&post=4968"}],"version-history":[{"count":94,"href":"https:\/\/cn.cnmza.org.ar\/index.php?rest_route=\/wp\/v2\/pages\/4968\/revisions"}],"predecessor-version":[{"id":6883,"href":"https:\/\/cn.cnmza.org.ar\/index.php?rest_route=\/wp\/v2\/pages\/4968\/revisions\/6883"}],"wp:attachment":[{"href":"https:\/\/cn.cnmza.org.ar\/index.php?rest_route=%2Fwp%2Fv2%2Fmedia&parent=4968"}],"curies":[{"name":"wp","href":"https:\/\/api.w.org\/{rel}","templated":true}]}}