{"id":278,"date":"2016-04-05T14:33:37","date_gmt":"2016-04-05T14:33:37","guid":{"rendered":"http:\/\/cn.cnmza.org.ar\/?page_id=278"},"modified":"2016-04-14T08:58:25","modified_gmt":"2016-04-14T11:58:25","slug":"ley-impositiva-8-837","status":"publish","type":"page","link":"https:\/\/cn.cnmza.org.ar\/?page_id=278","title":{"rendered":"LEY IMPOSITIVA 8.837"},"content":{"rendered":"\r\n<p><b><u>LEY IMPOSITIVA 8.837 - ACLARACION<\/u><\/b><\/p>\r\n<p><b><u>Con referencia al recurso presentado ante la Suprema Corte de Justicia, se deja constancia que hasta la fecha no ha reca\u00eddo resoluci\u00f3n, tanto en el recurso propiamente dicho como en la medida judicial de no innovar, por tanto deber\u00e1n los colegas aplicar dicha ley hasta el momento que sean resuelto favorablemente alguno de los dos planteos.\u00a0<\/u><\/b><\/p>\r\n<p><br \/>En virtud de la entrada en vigencia de la Ley Impositiva N\u00b0 8.837, el Colegio Notarial de Mendoza, con su representante legal, Dr. Orlando GUILLEN, present\u00f3 la acci\u00f3n de Inconstitucionalidad ante la Suprema Corte de Justicia por la cual se solicit\u00f3: 1 - Se declare la inconstitucionalidad del art\u00edculo 6\u00ba \u00faltimo p\u00e1rrafo de la Ley Impositiva de Mendoza N\u00ba 8837 del a\u00f1o 2016 y su consecuente art\u00edculo 1\u00ba de la Resoluci\u00f3n General A.T.M. N\u00ba 07 fechada el 21 de enero de 2016, en cuanto establecen como \"Valor Inmobiliario de Referencia\" para el pago del Impuesto de Sellos (2,5 %) sobre las operaciones sobre inmuebles, el triple y qu\u00edntuple del aval\u00fao fiscal vigente, seg\u00fan se trate de inmuebles urbanos y suburbanos, o rurales y de secano respectivamente; 2\u00ba) Se declare la inconstitucionalidad del nuevo art\u00edculo 235 del C\u00f3digo Fiscal que ha sido sustitu\u00eddo y modificado por el por el art\u00edculo 13 inciso 31 de la nueva Ley Impositiva de Mendoza N\u00ba 8.837 del a\u00f1o 2016, en cuanto pretende cobrar dos veces el Impuesto de Sellos sobre las operaciones de venta de inmuebles, toda vez que a\u00fan cuando la al\u00edcuota del 2,5 % estuviere pagada en su totalidad al momento de la firma del boleto de compraventa, ese pago total la ATM pretende tomarlo como \"pago a cuenta\", ya que al momento de la futura escritura pretende volver a cobrar el impuesto de sellos en caso que hubiere aumentado el aval\u00fao del inmueble, y pretende aplicar nuevamente el 2,5 % sobre el aumento del aval\u00fao, \u00a0en flagrante violaci\u00f3n de las normas que se analizan en el desarrollo de la fundamentaci\u00f3n de esta acci\u00f3n; y 3\u00ba) Se declare la inconstitucionalidad del art\u00edculo 6\u00ba antepen\u00faltimo p\u00e1rrafo de la ley impositiva 8.837 que incrementa injustificadamente en un 20 % el impuesto de sellos cuando el valor imponible del acto o contrato gravado se exprese total o parcialmente en moneda extranjera. \u00a0Lo importante de este recurso es que da una medida de no innovar. Asimismo se informa que se ha elaborado un Proyecto de Ley para modificar los citados art\u00edculos. El mismo se gir\u00f3 a todas las reparticiones para su conocimiento y an\u00e1lisis, como as\u00ed tambi\u00e9n a la Administraci\u00f3n Tributaria de Mendoza.<\/p>\r\n","protected":false},"excerpt":{"rendered":"LEY IMPOSITIVA 8.837 &#8211; ACLARACION Con referencia al recurso presentado ante la Suprema Corte de Justicia, se deja constancia que hasta la fecha no ha reca\u00eddo resoluci\u00f3n, tanto en el recurso propiamente dicho como en la medida judicial de no innovar, por tanto deber\u00e1n los colegas aplicar dicha ley hasta el momento que sean resuelto [&hellip;]","protected":false},"author":19,"featured_media":0,"parent":116,"menu_order":0,"comment_status":"closed","ping_status":"closed","template":"","meta":{"_cbd_carousel_blocks":"[]","footnotes":""},"class_list":["post-278","page","type-page","status-publish","hentry"],"_links":{"self":[{"href":"https:\/\/cn.cnmza.org.ar\/index.php?rest_route=\/wp\/v2\/pages\/278","targetHints":{"allow":["GET"]}}],"collection":[{"href":"https:\/\/cn.cnmza.org.ar\/index.php?rest_route=\/wp\/v2\/pages"}],"about":[{"href":"https:\/\/cn.cnmza.org.ar\/index.php?rest_route=\/wp\/v2\/types\/page"}],"author":[{"embeddable":true,"href":"https:\/\/cn.cnmza.org.ar\/index.php?rest_route=\/wp\/v2\/users\/19"}],"replies":[{"embeddable":true,"href":"https:\/\/cn.cnmza.org.ar\/index.php?rest_route=%2Fwp%2Fv2%2Fcomments&post=278"}],"version-history":[{"count":2,"href":"https:\/\/cn.cnmza.org.ar\/index.php?rest_route=\/wp\/v2\/pages\/278\/revisions"}],"predecessor-version":[{"id":495,"href":"https:\/\/cn.cnmza.org.ar\/index.php?rest_route=\/wp\/v2\/pages\/278\/revisions\/495"}],"up":[{"embeddable":true,"href":"https:\/\/cn.cnmza.org.ar\/index.php?rest_route=\/wp\/v2\/pages\/116"}],"wp:attachment":[{"href":"https:\/\/cn.cnmza.org.ar\/index.php?rest_route=%2Fwp%2Fv2%2Fmedia&parent=278"}],"curies":[{"name":"wp","href":"https:\/\/api.w.org\/{rel}","templated":true}]}}