{"id":27,"date":"2015-11-23T13:31:11","date_gmt":"2015-11-23T13:31:11","guid":{"rendered":"http:\/\/cnm.dondemires.com\/?page_id=27"},"modified":"2025-10-27T09:03:33","modified_gmt":"2025-10-27T12:03:33","slug":"servicios_apostillas","status":"publish","type":"page","link":"https:\/\/cn.cnmza.org.ar\/?page_id=27","title":{"rendered":"Servicios &#8211; Legalizaciones Internacionales"},"content":{"rendered":"\n<h2 class=\"wp-block-heading\">APOSTILLAS Y LEGALIZACIONES INTERNACIONALES<\/h2>\n\n\n\n<figure class=\"wp-block-table is-style-stripes\"><table class=\"has-fixed-layout\"><tbody><tr><td><figure><img decoding=\"async\" class=\"aligncenter size-large wp-image-6625\" style=\"padding: 20px;\" src=\"https:\/\/cn.cnmza.org.ar\/wp-content\/uploads\/2024\/06\/Haya.jpeg\" alt=\"IDENTIDAD Mesa de trabajo 1@4x\"><\/figure><\/td><td><figure><img decoding=\"async\" class=\"aligncenter size-large wp-image-6626\" style=\"padding: 20px;\" src=\"https:\/\/cn.cnmza.org.ar\/wp-content\/uploads\/2024\/06\/Para-que-sirve.jpeg\" alt=\"IDENTIDAD Mesa de trabajo 2@4x\"><\/figure><\/td><\/tr><tr><td><figure><img decoding=\"async\" class=\"aligncenter size-large wp-image-6625\" style=\"padding: 20px;\" src=\"https:\/\/cn.cnmza.org.ar\/wp-content\/uploads\/2024\/06\/Como-se-realiza.jpeg\" alt=\"IDENTIDAD Mesa de trabajo 1@4x\"><\/figure><\/td><td><figure><img decoding=\"async\" class=\"aligncenter size-large wp-image-6626\" style=\"padding: 20px;\" src=\"https:\/\/cn.cnmza.org.ar\/wp-content\/uploads\/2024\/06\/Vencimiento.jpeg\" alt=\"IDENTIDAD Mesa de trabajo 2@4x\"><\/figure><\/td><\/tr><\/tbody><\/table><\/figure>\n\n\n\n<figure class=\"wp-block-table\"><table class=\"has-fixed-layout\"><tbody><tr><td><\/td><\/tr><\/tbody><\/table><\/figure>\n\n\n\n<figure class=\"wp-block-image size-large\"><a href=\"https:\/\/cn.cnmza.org.ar\/wp-content\/uploads\/2024\/06\/Diferencia.jpeg\"><img loading=\"lazy\" decoding=\"async\" width=\"1024\" height=\"1024\" src=\"https:\/\/cn.cnmza.org.ar\/wp-content\/uploads\/2024\/06\/Diferencia-1024x1024.jpeg\" alt=\"\" class=\"wp-image-6901\" srcset=\"https:\/\/cn.cnmza.org.ar\/wp-content\/uploads\/2024\/06\/Diferencia-1024x1024.jpeg 1024w, https:\/\/cn.cnmza.org.ar\/wp-content\/uploads\/2024\/06\/Diferencia-150x150.jpeg 150w, https:\/\/cn.cnmza.org.ar\/wp-content\/uploads\/2024\/06\/Diferencia-300x300.jpeg 300w, https:\/\/cn.cnmza.org.ar\/wp-content\/uploads\/2024\/06\/Diferencia-768x768.jpeg 768w, https:\/\/cn.cnmza.org.ar\/wp-content\/uploads\/2024\/06\/Diferencia.jpeg 1600w\" sizes=\"auto, (max-width: 1024px) 100vw, 1024px\" \/><\/a><\/figure>\n\n\n\n<figure class=\"wp-block-table is-style-stripes\"><table class=\"has-fixed-layout\"><tbody><tr><td><figure><img decoding=\"async\" class=\"aligncenter size-large wp-image-6625\" style=\"padding: 20px;\" src=\"https:\/\/cn.cnmza.org.ar\/wp-content\/uploads\/2024\/06\/Digitales.jpeg\" alt=\"IDENTIDAD Mesa de trabajo 1@4x\"><\/figure><\/td><td><figure><img decoding=\"async\" class=\"aligncenter size-large wp-image-6626\" style=\"padding: 20px;\" src=\"https:\/\/cn.cnmza.org.ar\/wp-content\/uploads\/2024\/06\/Envio.jpeg\" alt=\"IDENTIDAD Mesa de trabajo 2@4x\"><\/figure><\/td><\/tr><tr><td><figure><img decoding=\"async\" class=\"aligncenter size-large wp-image-6625\" style=\"padding: 20px;\" src=\"https:\/\/cn.cnmza.org.ar\/wp-content\/uploads\/2024\/06\/Presenciales.jpeg\" alt=\"IDENTIDAD Mesa de trabajo 1@4x\"><\/figure><\/td><td><figure><img decoding=\"async\" class=\"aligncenter size-large wp-image-6626\" style=\"padding: 20px;\" src=\"https:\/\/cn.cnmza.org.ar\/wp-content\/uploads\/2024\/06\/Informacion-de-pago.jpeg\" alt=\"IDENTIDAD Mesa de trabajo 2@4x\"><\/figure><\/td><\/tr><\/tbody><\/table><\/figure>\n\n\n\n<p>El Ministerio de Relaciones Interiores notific\u00f3 que,&nbsp;<strong>a partir del&nbsp;01 de&nbsp;junio del 2022<\/strong>, toda documentaci\u00f3n que deba ser apostillada o legalizada internacionalmente tendr\u00e1 que ser presentada en forma digital (escaneada).<\/p>\n\n\n\n<p>El CFNA, a solicitud de todas las provincias, acord\u00f3 con el Ministerio que dicho plazo se prorrogue hasta el 30 de junio del corriente a\u00f1o.<\/p>\n\n\n\n<p>Por tal motivo, el Colegio Notarial de Mendoza informa que a <strong>partir del 02 de mayo del 2024<\/strong> la documentaci\u00f3n a apostillarse o legalizarse internacionalmente de manera presencial, ser\u00e1 escaneada por la Instituci\u00f3n, excepto documentaci\u00f3n que posea firma digital, la cual debe ser enviada por correo electr\u00f3nico y presentada en formato papel en el Colegio Notarial, as\u00ed como documentos que posean m\u00e1s de 15 p\u00e1ginas.<\/p>\n\n\n\n<p><strong>TR\u00c1MITE PRESENCIAL:<\/strong><\/p>\n\n\n\n<p>Toda documentaci\u00f3n proveniente de reparticiones p\u00fablicas provinciales, deben estar legalizadas previamente en el Poder Judicial.<\/p>\n\n\n\n<p>Por el resto de la documentaci\u00f3n si tiene dudas, ac\u00e9rquese a nuestras oficinas o comun\u00edquese telef\u00f3nicamente a <em><strong>4764029 - opci\u00f3n 4, luego opci\u00f3n 1.<\/strong><\/em><\/p>\n\n\n\n<p>Una vez abonado el tr\u00e1mite, enviar el\/los archivos al mail que le indiquen al dejar el tr\u00e1mite.<\/p>\n\n\n\n<p>Los documentos deben ser enviados a los siguientes correos, seg\u00fan corresponda:<\/p>\n\n\n\n<ul class=\"wp-block-list\">\n<li>apostillas@cnmza.org.ar (Casa Central)<\/li>\n\n\n\n<li>apostillas2@cnmza.org.ar (Segunda Circunscripci\u00f3n)<\/li>\n\n\n\n<li>apostillas3@cnmza.org.ar (Tercera Circunscripci\u00f3n)<\/li>\n\n\n\n<li>apostillasriv3@cnmza.org.ar (Delegaci\u00f3n Rivadavia)<\/li>\n\n\n\n<li>apostillasvalledeuco@cnmza.org.ar (Delegaci\u00f3n Valle de Uco)<\/li>\n<\/ul>\n\n\n\n<p><strong>Indicaciones:<\/strong><br>- Asunto del correo: nombre del titular del\/los documento\/s<br>- La documentaci\u00f3n con firma digital no debe ser escaneada, porque ya se encuentra digitalizada. Solo debe enviar el archivo&nbsp;<strong>original<\/strong>&nbsp;en formato PDF a los correos antes mencionados, seg\u00fan corresponda.<\/p>\n\n\n\n<p>Plazos de entrega:<br>- Comunes: 3 d\u00edas h\u00e1biles<br>- Urgentes: 24hs h\u00e1biles<\/p>\n\n\n\n<p><strong>TR\u00c1MITE DIGITAL:<\/strong><\/p>\n\n\n\n<p>Este servicio es <em>exclusivamente para aquellos archivos o documentos digitales que contienen una firma digital que sea v\u00e1lida y verificable.<\/em><\/p>\n\n\n\n<p>Para realizar este tr\u00e1mite, consulte la aptitud de la documentaci\u00f3n envi\u00e1ndola al mail: <strong>legintdigital@cnmza.org.ar<\/strong><\/p>\n\n\n\n<p>Una vez verificada la documentacion, el tr\u00e1mite se realiza \u00edntegramente por correo. Deber\u00e1 realizar el pago a trav\u00e9s de transferencia a la cuanta bancaria informada por correo.<\/p>\n\n\n\n<p>&nbsp;<\/p>\n\n\n\n<hr class=\"wp-block-separator has-alpha-channel-opacity\"\/>\n\n\n\n<p>Los plazos de entrega en ambos casos (tr\u00e1mite presencial y digital) se&nbsp;<strong>confirmaran al momento de verificar la documentaci\u00f3n<\/strong>.<\/p>\n\n\n\n<p><strong>Tiempos de demora de respuestas:<\/strong><br><strong>CONSULTAS<\/strong>: 1 d\u00eda h\u00e1bil<br><strong>LEGALIZACIONES COMUNES<\/strong>: 3 d\u00edas h\u00e1biles.<br><strong>LEGALIZACIONES URGENTES<\/strong>: de 24 a 48hs h\u00e1biles.<\/p>\n\n\n\n<hr class=\"wp-block-separator has-alpha-channel-opacity\"\/>\n\n\n\n<p>Horarios de atenci\u00f3n Legalizaciones Internacionales y Apostillas:<\/p>\n\n\n\n<p>ATENCI\u00d3N: de 8.30 hs. a 14:30 hs.<\/p>\n\n\n\n<p>RECEPCI\u00d3N: de 8.30 hs. a 14 hs.<\/p>\n\n\n\n<p>ENTREGA : de 8.30 hs. a 14:30 hs.<\/p>\n\n\n\n<h1 class=\"wp-block-heading\"><a href=\"https:\/\/cn.cnmza.org.ar\/?page_id=2069#apostilla\">Consulta los valores de los tr\u00e1mites<\/a><\/h1>\n\n\n\n<hr class=\"wp-block-separator has-alpha-channel-opacity\"\/>\n\n\n\n<h2 class=\"wp-block-heading et_pb_module_header\">Consultas p\u00fablicas de apostillas<\/h2>\n\n\n\n<div>\n<p style=\"text-align: justify;\">Si el Colegio realiz\u00f3 la apostilla <strong>HASTA 2018<\/strong>&nbsp;de la Convenci\u00f3n de la Haya de tu documentaci\u00f3n para enviar al exterior, la puede verificar aqu\u00ed:<\/p>\n<p><a class=\"btn\" href=\"https:\/\/publico.colegio-escribanos.org.ar:8445\/consulta-publica-apostillas\/\">Consultar<\/a><\/p>\n<p style=\"text-align: justify;\">Para consultar <strong>A PARTIR DEL 2019<\/strong>:<\/p>\n<p><a class=\"btn\" href=\"https:\/\/www.argentina.gob.ar\/relacionesexterioresyculto\/legalizacion-internacional\">Consultar<\/a><\/p>\n<h3>INTERVENCIONES<\/h3>\n<p>Desde el 2 de Enero de 2017 se implement\u00f3 en el Colegio Notarial de Mendoza el segundo Convenio con el Ministerio de Relaciones Exteriores y Culto de la Naci\u00f3n.<\/p>\n<p class=\"ydp15906bf4yiv9609926227ydp96cb723bmb-30\">Las diferentes intervenciones, dependiendo del tipo de documento, su origen y su destino comprenden:<\/p>\n<div class=\"ydp15906bf4yiv9609926227ydp96cb723bp__dot ydp15906bf4yiv9609926227ydp96cb723bmb-30\">\n<ul>\n<li class=\"ydp15906bf4yiv9609926227ydp96cb723bdot\">Tr\u00e1mite de Apostille: Documentaci\u00f3n que tiene su origen en el pa\u00eds y destinada a hacer valer en pa\u00edses signatarios del Convenio de la Haya.<\/li>\n<\/ul>\n<\/div>\n<div class=\"ydp15906bf4yiv9609926227ydp96cb723bp__dot ydp15906bf4yiv9609926227ydp96cb723bmb-30\">\n<ul>\n<li class=\"ydp15906bf4yiv9609926227ydp96cb723bdot\">Tr\u00e1mite de Legalizaci\u00f3n de Firma y Sello de Autoridades: Documentos que tiene su origen en el pa\u00eds y destinados a hacer valer en otro pa\u00eds no signatario del Convenio de la Haya.<\/li>\n<\/ul>\n<\/div>\n<h3 style=\"text-align: justify;\">INFORMACI\u00d3N GENERAL<\/h3>\n<div class=\"ydp15906bf4yiv9609926227ydp6c298eaccordion-tab\">\n<div class=\"ydp15906bf4yiv9609926227ydp6c298eaccordion-content\">\n<p class=\"ydp15906bf4yiv9609926227ydp6c298emb-30\">La apostilla de La Haya (o simplemente apostilla, tambi\u00e9n en franc\u00e9s: apostille) es un m\u00e9todo simplificado de legalizaci\u00f3n de documentos a efectos de verificar su autenticidad en el \u00e1mbito internacional.<\/p>\n<p class=\"ydp15906bf4yiv9609926227ydp6c298emb-30\">F\u00edsicamente consiste en una foja que se agrega a los documentos que la autoridad competente estampa sobre un documento notarial o p\u00fablico, si correspondiere. El apostillado suprime el requisito de legalizaci\u00f3n diplom\u00e1tica y consular de los documentos que se originen en un pa\u00eds miembro del Convenio y que se pretendan utilizar en otro pa\u00eds tambi\u00e9n miembro del Convenio. Estos documentos que hayan sido certificados por una apostilla deber\u00edan ser reconocidos en cualquier otro pa\u00eds miembro sin necesidad de otro tipo de autenticaci\u00f3n o legalizaci\u00f3n.<\/p>\n<p class=\"ydp15906bf4yiv9609926227ydp6c298emb-30\">La Rep\u00fablica Argentina junto a otros pa\u00edses que firmaron el XII Convenio de la Conferencia de La Haya de Derecho Internacional Privado de 5 de octubre de 1961, reconocen por consiguiente la autenticidad de los Documentos que se han expedido en otros pa\u00edses y que llevan dicha Apostilla.<\/p>\n<p class=\"ydp15906bf4yiv9609926227ydp6c298emb-30\">En la Provincia de Mendoza se realiza este tr\u00e1mite a partir de un convenio celebrado entre la Canciller\u00eda Argentina (Ministerio de Relaciones Exteriores, Comercio Internacional y Culto) y el Consejo Federal del Notariado Argentino (Colegios Notariales o de Escribanos de la Rep\u00fablica Argentina). Por el mismo se deleg\u00f3 funciones en lo que respecta a la colocaci\u00f3n de la Apostilla sobre los instrumentos, proporcionando celeridad y eficacia a dicho tr\u00e1mite, considerando el Ministerio de Relaciones Exteriores, Comercio Internacional y Culto, el entendimiento de que a partir de este proceso de descentralizaci\u00f3n se redundar\u00e1 en beneficio de los particulares, sin que ello implique alterar las competencias para colocar la acotaci\u00f3n de la Apostilla en la sede de dicho Ministerio.<\/p>\n<p class=\"ydp15906bf4yiv9609926227ydp6c298emb-30\">En conclusi\u00f3n, el Ministerio de Relaciones Exteriores, Comercio Internacional y Culto delega, en los Colegios de Escribanos y Notariales de la Rep\u00fablica Argentina, las funciones atinentes a la colocaci\u00f3n de la Apostilla sobre documentos Notariales y\/o documentos P\u00fablicos enumerados en el art\u00edculo 1\u00ba de la Convenci\u00f3n de La Haya del 5 de octubre de 1961, aprobada por la Ley No 23.458.<\/p>\n<\/div>\n<\/div>\n<h3 style=\"text-align: justify;\">INFORMACI\u00d3N PARA EL NOTARIO<\/h3>\n<div class=\"ydp15906bf4yiv9609926227ydp37af3dc5accordion\">\n<div class=\"ydp15906bf4yiv9609926227ydp37af3dc5accordion-tab\">\n<div class=\"ydp15906bf4yiv9609926227ydp37af3dc5accordion-content\">\n<p class=\"ydp15906bf4yiv9609926227ydp37af3dc5mb-30\">Detallamos a continuaci\u00f3n algunos puntos a tener en cuenta para el apostillado de documentos:<\/p>\n<p class=\"ydp15906bf4yiv9609926227ydp37af3dc5mb-30\">En primer lugar, dado que Canciller\u00eda Argentina, exige informaci\u00f3n detallada de los documentos que se apostillan, por la cual estos de no corresponder deber\u00edan ser rechazados, aconsejamos considerar lo siguiente en documentos protocolizados:<\/p>\n<div class=\"ydp15906bf4yiv9609926227ydp37af3dc5p__dot ydp15906bf4yiv9609926227ydp37af3dc5mb-30\">\n<div class=\"ydp15906bf4yiv9609926227ydp37af3dc5dot\">En el caso de tratarse de protocolizaciones de notas y\/o cartas, colocar en el Encabezado de la escritura la finalidad de las mismas.<\/div>\n<\/div>\n<div class=\"ydp15906bf4yiv9609926227ydp37af3dc5p__dot ydp15906bf4yiv9609926227ydp37af3dc5mb-30\">\n<div class=\"ydp15906bf4yiv9609926227ydp37af3dc5dot\">En el caso de tratarse de protocolizaciones de Certificados, detallar en el Encabezado de la escritura, su objeto, es decir motivo que genera el Certificado.<\/div>\n<\/div>\n<div class=\"ydp15906bf4yiv9609926227ydp37af3dc5p__dot ydp15906bf4yiv9609926227ydp37af3dc5mb-30\">\n<div class=\"ydp15906bf4yiv9609926227ydp37af3dc5dot\">&nbsp;<\/div>\n<div class=\"ydp15906bf4yiv9609926227ydp37af3dc5dot\">Todos los documentos protocolizados deben contener la mayor aclaraci\u00f3n posible en su encabezado, dado que esto es lo que se informa a Canciller\u00eda por cada apostilla que se realiza, considerando adem\u00e1s que, aun estando protocolizados, hay documentos que si no son factibles de apostillado en s\u00ed mismos, tampoco se pueden protocolizar con la misma finalidad, enti\u00e9ndase Facturas, Documentos Comerciales o de \u00edndole aduanero, etc.<\/div>\n<\/div>\n<p class=\"ydp15906bf4yiv9609926227ydp37af3dc5mb-30\">Para los documentos redactados en idioma extranjero, por orden de Canciller\u00eda el notario deber\u00e1 dejar constancia que conoce el idioma y su contenido , se aconseja siguiente modelo: \"La\/El Notaria\/o Certificante deja constancia que,seg\u00fan art. 57 de La Ley Provincial 3058 y complementaria, conoce el idioma (colocar el idioma) en el que esta redactado el instrumento que antecede, que consta de (cantidad) foja\/s (en anverso y reverso lo que correspondiere) y que el texto del documento no contiene cl\u00e1usulas contrarias a la moral y a las buenas costumbres\". De no conocer el idioma, el\/la notario\/a debe exigir su traducci\u00f3n por un Traductor P\u00fablico Matriculado (Ley 20305 art. 6) y Certificada su firma por el Colegio de Traductores de Mendoza, lo que adjuntar\u00e1 al original previo a la Actuaci\u00f3n, dejando constancia luego en la certificaci\u00f3n, que se basa para realizar dicho acto, en la traducci\u00f3n realizada por el\/la traductor\/a XXXXXXX, Matricula Profesional N\u00ba XXXX de la provincia de Mendoza, etc. Es muy importante tener en cuenta que para la legalizaci\u00f3n internacional de la Apostilla de La Haya, Se analiza el contenido del documento, obviamente siempre se debe saber sobre que documentaci\u00f3n se est\u00e1 actuando para poder remitir esta posteriormente al exterior.<\/p>\n<p class=\"ydp15906bf4yiv9609926227ydp37af3dc5mb-30\">Sobre el tema m\u00e1s controversial que son las apostillas en fotocopias se detalla lo siguiente:<\/p>\n<p class=\"ydp15906bf4yiv9609926227ydp37af3dc5mb-30\">Como principio general, no se pueden apostillar fotocopias certificadas ni a\u00fan aquellas que lo fueran de copias o ulteriores copias (o testimonios) de documentos notariales.<\/p>\n<p class=\"ydp15906bf4yiv9609926227ydp37af3dc5mb-30\">Se except\u00faan de este principio:<\/p>\n<div class=\"ydp15906bf4yiv9609926227ydp37af3dc5p__dot ydp15906bf4yiv9609926227ydp37af3dc5mb-30\">\n<ul>\n<li class=\"ydp15906bf4yiv9609926227ydp37af3dc5dot\">Fotocopias certificadas notarialmente de documentos que en sus originales se encuentran apostillados.<\/li>\n<\/ul>\n<\/div>\n<div class=\"ydp15906bf4yiv9609926227ydp37af3dc5p__dot ydp15906bf4yiv9609926227ydp37af3dc5mb-30\">\n<ul>\n<li class=\"ydp15906bf4yiv9609926227ydp37af3dc5dot\">Fotocopias certificadas notarialmente de documentos oficiales que no requieran legalizaciones, tales como pasaporte, documento de identidad.<\/li>\n<\/ul>\n<\/div>\n<div class=\"ydp15906bf4yiv9609926227ydp37af3dc5p__dot ydp15906bf4yiv9609926227ydp37af3dc5mb-30\">\n<ul>\n<li class=\"ydp15906bf4yiv9609926227ydp37af3dc5dot\">Fotocopias certificadas notarialmente de documentos que no requieran tener legalizaci\u00f3n alguna, como recortes period\u00edsticos, copias de legislaci\u00f3n, Actas de directorio o de Asambleas de una sociedad, etc.<\/li>\n<\/ul>\n<\/div>\n<p class=\"ydp15906bf4yiv9609926227ydp37af3dc5mb-30\">En el caso de fojas de expedientes (como documentaci\u00f3n de Personas Jur\u00eddicas, etc.), la certificaci\u00f3n de copias debe ser emitida por la Secretar\u00eda donde se halla el expediente y legalizada esta por la Suprema Corte de Justicia como primer testimonio de documento p\u00fablico.<\/p>\n<p>No obstante este detalle, para mayor informaci\u00f3n, y considerando lo complejo de este Convenio, se aconseja siempre remitirse a la oficina correspondiente de este Colegio para asesorarse sobre dudas o inquietudes antes de proceder a su actuaci\u00f3n, para evitar as\u00ed conflictos con terceros cuando los tr\u00e1mites no pudieran ser factible de ser apostillados.<\/p>\n<\/div>\n<\/div>\n<\/div>\n<\/div>\n","protected":false},"excerpt":{"rendered":"APOSTILLAS Y LEGALIZACIONES INTERNACIONALES El Ministerio de Relaciones Interiores notific\u00f3 que,&nbsp;a partir del&nbsp;01 de&nbsp;junio del 2022, toda documentaci\u00f3n que deba ser apostillada o legalizada internacionalmente tendr\u00e1 que ser presentada en forma digital (escaneada). El CFNA, a solicitud de todas las provincias, acord\u00f3 con el Ministerio que dicho plazo se prorrogue hasta el 30 de junio [&hellip;]","protected":false},"author":19,"featured_media":0,"parent":0,"menu_order":0,"comment_status":"closed","ping_status":"closed","template":"colegio_historia.php","meta":{"_cbd_carousel_blocks":"[]","footnotes":""},"class_list":["post-27","page","type-page","status-publish","hentry"],"_links":{"self":[{"href":"https:\/\/cn.cnmza.org.ar\/index.php?rest_route=\/wp\/v2\/pages\/27","targetHints":{"allow":["GET"]}}],"collection":[{"href":"https:\/\/cn.cnmza.org.ar\/index.php?rest_route=\/wp\/v2\/pages"}],"about":[{"href":"https:\/\/cn.cnmza.org.ar\/index.php?rest_route=\/wp\/v2\/types\/page"}],"author":[{"embeddable":true,"href":"https:\/\/cn.cnmza.org.ar\/index.php?rest_route=\/wp\/v2\/users\/19"}],"replies":[{"embeddable":true,"href":"https:\/\/cn.cnmza.org.ar\/index.php?rest_route=%2Fwp%2Fv2%2Fcomments&post=27"}],"version-history":[{"count":109,"href":"https:\/\/cn.cnmza.org.ar\/index.php?rest_route=\/wp\/v2\/pages\/27\/revisions"}],"predecessor-version":[{"id":7247,"href":"https:\/\/cn.cnmza.org.ar\/index.php?rest_route=\/wp\/v2\/pages\/27\/revisions\/7247"}],"wp:attachment":[{"href":"https:\/\/cn.cnmza.org.ar\/index.php?rest_route=%2Fwp%2Fv2%2Fmedia&parent=27"}],"curies":[{"name":"wp","href":"https:\/\/api.w.org\/{rel}","templated":true}]}}