{"id":23,"date":"2015-11-23T13:29:47","date_gmt":"2015-11-23T13:29:47","guid":{"rendered":"http:\/\/cnm.dondemires.com\/?page_id=23"},"modified":"2025-11-06T14:11:08","modified_gmt":"2025-11-06T17:11:08","slug":"servicios_sifoa","status":"publish","type":"page","link":"https:\/\/cn.cnmza.org.ar\/?page_id=23","title":{"rendered":"Servicios &#8211; Sifoa"},"content":{"rendered":"\n<h2 class=\"wp-block-heading\">SIFOA \u2013 OSDE<\/h2>\n\n\n\n<p>Para acceder a este servicio el notario deber\u00e1 tener 4 a\u00f1os en el ejercicio de la profesi\u00f3n y haber aportado a trav\u00e9s de los porcentajes de la compra de insumos (ver tabla insumos) el monto convenido actualmente. <br>El notario se encuentra incorporado al SIFOA desde el momento de la posesion del registro.<\/p>\n\n\n\n<p>Para m\u00e1s informaci\u00f3n del SIFOA escribir a sifoa@cnmza.org.ar<\/p>\n\n\n\n<p>Convenio con OSDE (Prestaciones):&nbsp;<a href=\"https:\/\/cn.cnmza.org.ar\/wp-content\/uploads\/2024\/05\/CONVENIO-OSDE-COLEGIO-NOTARIAL.pdf\">haga click aqui<\/a><\/p>\n\n\n\n<p>Reglamento SIFOA: <a href=\"https:\/\/cn.cnmza.org.ar\/wp-content\/uploads\/2022\/03\/REGLAMENTO-SISTEMA-DE-FONDO-ASISTENCIAL-2021-a-publicar-1.docx\" target=\"_blank\" rel=\"noopener\">Descargar<\/a><\/p>\n\n\n\n<p>Modificaci\u00f3n Reglamento SIFOA 28\/10\/2021&nbsp;<a href=\"https:\/\/cn.cnmza.org.ar\/wp-content\/uploads\/2022\/03\/REGLAMENTO-SISTEMA-DE-FONDO-ASISTENCIAL-2021-a-publicar-1.docx\" target=\"_blank\" rel=\"noopener\">Descargar<\/a><\/p>\n\n\n\n<p>Pago Grupo Familiar: <a href=\"http:\/\/colegionotarial.paypertic.com.ar\/\" data-type=\"link\" data-id=\"http:\/\/colegionotarial.paypertic.com.ar\/\">haga click aqui<\/a><\/p>\n","protected":false},"excerpt":{"rendered":"SIFOA \u2013 OSDE Para acceder a este servicio el notario deber\u00e1 tener 4 a\u00f1os en el ejercicio de la profesi\u00f3n y haber aportado a trav\u00e9s de los porcentajes de la compra de insumos (ver tabla insumos) el monto convenido actualmente. El notario se encuentra incorporado al SIFOA desde el momento de la posesion del registro. [&hellip;]","protected":false},"author":19,"featured_media":0,"parent":0,"menu_order":0,"comment_status":"closed","ping_status":"closed","template":"servicios_an_sifoa.php","meta":{"_cbd_carousel_blocks":"[]","footnotes":""},"class_list":["post-23","page","type-page","status-publish","hentry"],"_links":{"self":[{"href":"https:\/\/cn.cnmza.org.ar\/index.php?rest_route=\/wp\/v2\/pages\/23","targetHints":{"allow":["GET"]}}],"collection":[{"href":"https:\/\/cn.cnmza.org.ar\/index.php?rest_route=\/wp\/v2\/pages"}],"about":[{"href":"https:\/\/cn.cnmza.org.ar\/index.php?rest_route=\/wp\/v2\/types\/page"}],"author":[{"embeddable":true,"href":"https:\/\/cn.cnmza.org.ar\/index.php?rest_route=\/wp\/v2\/users\/19"}],"replies":[{"embeddable":true,"href":"https:\/\/cn.cnmza.org.ar\/index.php?rest_route=%2Fwp%2Fv2%2Fcomments&post=23"}],"version-history":[{"count":22,"href":"https:\/\/cn.cnmza.org.ar\/index.php?rest_route=\/wp\/v2\/pages\/23\/revisions"}],"predecessor-version":[{"id":7250,"href":"https:\/\/cn.cnmza.org.ar\/index.php?rest_route=\/wp\/v2\/pages\/23\/revisions\/7250"}],"wp:attachment":[{"href":"https:\/\/cn.cnmza.org.ar\/index.php?rest_route=%2Fwp%2Fv2%2Fmedia&parent=23"}],"curies":[{"name":"wp","href":"https:\/\/api.w.org\/{rel}","templated":true}]}}