{"id":19,"date":"2015-11-23T13:27:05","date_gmt":"2015-11-23T13:27:05","guid":{"rendered":"http:\/\/cnm.dondemires.com\/?page_id=19"},"modified":"2026-02-18T10:34:08","modified_gmt":"2026-02-18T13:34:08","slug":"servicios_asesoria","status":"publish","type":"page","link":"https:\/\/cn.cnmza.org.ar\/?page_id=19","title":{"rendered":"Servicios &#8211; Asesor\u00eda"},"content":{"rendered":"\n<div class=\"cols cols-2 cf\">\n<div class=\"col\">\n<h1 style=\"font-size: 200%;\">Asesorias<\/h1>\n<\/div>\n<\/div>\n\n\n\n<div class=\"col\">Estimado\/a Notario\/a:<\/div>\n\n\n\n<div class=\"col\">&nbsp;<\/div>\n\n\n\n<div class=\"col\">Los turnos se solicitan a trav\u00e9s de la aplicaci\u00f3n:<\/div>\n\n\n\n<ul class=\"wp-block-list\">\n<li><a href=\"https:\/\/play.google.com\/store\/apps\/details?id=com.turnosya.asesorescnmza&amp;pli=1\">Playstore<\/a><\/li>\n\n\n\n<li><a href=\"https:\/\/apps.apple.com\/ar\/app\/asesores-colegio-notarial-mza\/id6459504741\">iOS<\/a><\/li>\n<\/ul>\n\n\n\n<h4 class=\"wp-block-heading\">ASESOR\u00cdA NOTARIAL<\/h4>\n\n\n\n<ul class=\"wp-block-list\">\n<li><strong>Dra. Laura THOMAS<\/strong><br>Correo electr\u00f3nico:&nbsp;<a href=\"https:\/\/webmail.cnmza.org.ar\/#NOP\">asesorianotarial@cnmza.org.ar<\/a><br>Atenci\u00f3n presencial: lunes de 10:00 a 12:00 hs<\/li>\n\n\n\n<li><strong>Not. Anah\u00ed CARRASCOSA DE GRANATA<\/strong><br>Correo electr\u00f3nico:\u00a0<a href=\"https:\/\/webmail.cnmza.org.ar\/#NOP\">a.carrascosa@cnmza.org.ar<\/a><br>Atenci\u00f3n presencial: mi\u00e9rcoles de 9:30 a 11:30 hs<\/li>\n\n\n\n<li><strong>Dra. Ana MAVRICH<\/strong><br>Correo electr\u00f3nico:\u00a0<a href=\"https:\/\/webmail.cnmza.org.ar\/#NOP\">amavrich@cnmza.org.ar<\/a><br>Atenci\u00f3n presencial: martes de 12:30 a 14:30 hs<\/li>\n<\/ul>\n\n\n\n<hr class=\"wp-block-separator has-alpha-channel-opacity\"\/>\n\n\n\n<h4 class=\"wp-block-heading\">ASESOR\u00cdA IMPOSITIVA (AFIP)<\/h4>\n\n\n\n<ul class=\"wp-block-list\">\n<li><strong>Cdor. Emiliano D\u00cdAZ GUINLE<\/strong><br>Correo electr\u00f3nico:&nbsp;<a href=\"https:\/\/webmail.cnmza.org.ar\/#NOP\">ediazguinle@cnmza.org.ar<\/a><br>Las consultas ser\u00e1n respondidas en un plazo de 24 hs desde el momento del env\u00edo<br>Atenci\u00f3n presencial: lunes de 8:00 a 10:00 hs<\/li>\n<\/ul>\n\n\n\n<hr class=\"wp-block-separator has-alpha-channel-opacity\"\/>\n\n\n\n<h4 class=\"wp-block-heading\">ASESOR\u00cdA IMPOSITIVA (ATM)<\/h4>\n\n\n\n<ul class=\"wp-block-list\">\n<li><strong>Dr. Leonardo SAUMELL<\/strong><br>Correo electr\u00f3nico:&nbsp;<a href=\"https:\/\/webmail.cnmza.org.ar\/#NOP\">lsaumell@cnmza.org.ar<\/a><br>Las consultas ser\u00e1n respondidas en un plazo de 24 hs desde el momento del env\u00edo<br>Atenci\u00f3n presencial: jueves de 8:00 a 10:00 hs<br>Atenci\u00f3n virtual: lunes de 14:30 a 16:00 hs<br>(Ambas modalidades requieren cita previa a trav\u00e9s de la aplicaci\u00f3n del Colegio Notarial)<\/li>\n<\/ul>\n\n\n\n<hr class=\"wp-block-separator has-alpha-channel-opacity\"\/>\n\n\n\n<h4 class=\"wp-block-heading\">ASESOR\u00cdA EN MATERIA UIF<\/h4>\n\n\n\n<ul class=\"wp-block-list\">\n<li><strong>Dr. Juan Manuel ALVARADO PALLADINO<\/strong><br>Correo electr\u00f3nico:&nbsp;<a href=\"https:\/\/webmail.cnmza.org.ar\/#NOP\">asesoruif@cnmza.org.ar<\/a><br>Atenci\u00f3n presencial: mi\u00e9rcoles de 10:30 a 12:30 hs<br>Las consultas por correo ser\u00e1n respondidas en un plazo de 48 hs desde el momento del env\u00edo<\/li>\n<\/ul>\n\n\n\n<hr class=\"wp-block-separator has-alpha-channel-opacity\"\/>\n\n\n\n<h4 class=\"wp-block-heading\">ASESOR\u00cdA SOCIETARIA<\/h4>\n\n\n\n<ul class=\"wp-block-list\">\n<li><strong>Not. Santiago AZZARELLO<\/strong><br>Correo electr\u00f3nico:&nbsp;<a href=\"https:\/\/webmail.cnmza.org.ar\/#NOP\">asesoriasocietario@cnmza.org.ar<\/a><br>Atenci\u00f3n presencial: viernes de 8:30 a 10:30 hs<\/li>\n<\/ul>\n\n\n\n<hr class=\"wp-block-separator has-alpha-channel-opacity\"\/>\n\n\n\n<h4 class=\"wp-block-heading\">ASESOR\u00cdA DEL AUTOMOTOR<\/h4>\n\n\n\n<ul class=\"wp-block-list\">\n<li><strong>Not. Romina P\u00c9REZ VALENZUELA<\/strong><br>Correo electr\u00f3nico:&nbsp;<a href=\"https:\/\/webmail.cnmza.org.ar\/#NOP\">asesoriaautomotorprimera@cnmza.org.ar<\/a><br>Atenci\u00f3n presencial: martes de 9:00 a 11:00 hs<\/li>\n<\/ul>\n\n\n\n<hr class=\"wp-block-separator has-alpha-channel-opacity\"\/>\n\n\n\n<h4 class=\"wp-block-heading\">ASESOR\u00cdA ZONA DE FRONTERAS Y TIERRAS RURALES<\/h4>\n\n\n\n<ul class=\"wp-block-list\">\n<li><strong>Not. Paola Carolina FERN\u00c1NDEZ GOTTARDINI<\/strong><br>Correo electr\u00f3nico:&nbsp;<a href=\"https:\/\/webmail.cnmza.org.ar\/#NOP\">fernandezgot@cnmza.org.ar<\/a><br>Las consultas ser\u00e1n respondidas por correo electr\u00f3nico los lunes de 8:00 a 10:00 hs<\/li>\n<\/ul>\n\n\n\n<hr class=\"wp-block-separator has-alpha-channel-opacity\"\/>\n\n\n\n<h4 class=\"wp-block-heading\">ASESOR\u00cdA EN FIRMA DIGITAL&nbsp;<\/h4>\n\n\n\n<ul class=\"wp-block-list\">\n<li><strong>Not. Mart\u00edn BIURRIARENA<\/strong><br>Correo electr\u00f3nico:&nbsp;<a href=\"https:\/\/webmail.cnmza.org.ar\/#NOP\">firmadigital@cnmza.org.ar<\/a><br>Consultas por WhatsApp (2615751865): lunes a viernes de 9:00 a 13:00 hs<\/li>\n<\/ul>\n","protected":false},"excerpt":{"rendered":"Asesorias Estimado\/a Notario\/a: &nbsp; Los turnos se solicitan a trav\u00e9s de la aplicaci\u00f3n: ASESOR\u00cdA NOTARIAL ASESOR\u00cdA IMPOSITIVA (AFIP) ASESOR\u00cdA IMPOSITIVA (ATM) ASESOR\u00cdA EN MATERIA UIF ASESOR\u00cdA SOCIETARIA ASESOR\u00cdA DEL AUTOMOTOR ASESOR\u00cdA ZONA DE FRONTERAS Y TIERRAS RURALES ASESOR\u00cdA EN FIRMA DIGITAL&nbsp;","protected":false},"author":19,"featured_media":0,"parent":0,"menu_order":0,"comment_status":"closed","ping_status":"closed","template":"servicios_an_asesoria.php","meta":{"_cbd_carousel_blocks":"[]","footnotes":""},"class_list":["post-19","page","type-page","status-publish","hentry"],"_links":{"self":[{"href":"https:\/\/cn.cnmza.org.ar\/index.php?rest_route=\/wp\/v2\/pages\/19","targetHints":{"allow":["GET"]}}],"collection":[{"href":"https:\/\/cn.cnmza.org.ar\/index.php?rest_route=\/wp\/v2\/pages"}],"about":[{"href":"https:\/\/cn.cnmza.org.ar\/index.php?rest_route=\/wp\/v2\/types\/page"}],"author":[{"embeddable":true,"href":"https:\/\/cn.cnmza.org.ar\/index.php?rest_route=\/wp\/v2\/users\/19"}],"replies":[{"embeddable":true,"href":"https:\/\/cn.cnmza.org.ar\/index.php?rest_route=%2Fwp%2Fv2%2Fcomments&post=19"}],"version-history":[{"count":95,"href":"https:\/\/cn.cnmza.org.ar\/index.php?rest_route=\/wp\/v2\/pages\/19\/revisions"}],"predecessor-version":[{"id":7286,"href":"https:\/\/cn.cnmza.org.ar\/index.php?rest_route=\/wp\/v2\/pages\/19\/revisions\/7286"}],"wp:attachment":[{"href":"https:\/\/cn.cnmza.org.ar\/index.php?rest_route=%2Fwp%2Fv2%2Fmedia&parent=19"}],"curies":[{"name":"wp","href":"https:\/\/api.w.org\/{rel}","templated":true}]}}